2?
-8
What is -8 + (8 - 1 - -19) + (-3 - 5)?
10
Calculate -21 - ((-2 - (1 + -11)) + (394 - 395)).
-28
What is the value of -5 - (-4 + (-1 - -10))?
-10
What is the value of -52 + 34 + 25 + -2 + -1?
4
What is the value of (56 - 32) + (-24 - 8)?
-8
-3 + (20 - (11 - -23))
-17
What is the value of 6 + -8 - 4 - 6?
-12
What is the value of -3 + 9 + -3 + 4?
7
0 + -6 + (16 - -14) + (13 - 12)
25
What is -11 + (31 + 0 + 0 - 10)?
10
Evaluate (3 - (4 + 5)) + (-10 - 2) + 2.
-16
Calculate -44 + 41 + (0 - 3) + 21.
15
What is -32 + (26 - (25 - 18))?
-13
Calculate 23 - (1 + 5 + -7 + 12 + -13).
25
What is the value of 1 + -1 - (-25 + (46 - 17) + -31)?
27
What is the value of -7 + 19 + -22 - (2 - 1 - -2)?
-13
What is 13 + -51 + 40 + -25?
-23
-10 + (-11 - 0 - (-219 + 199))
-1
What is the value of -4 - (4 + -8 + 3 - -5 - 12)?
4
Evaluate -8 - ((-5 - -12) + -12).
-3
What is the value of 0 + -2 + (16 - 21) + 0?
-7
What is -4 + (26 - (-7 - -29))?
0
Evaluate -4 + (12 - (-16 + 7)) - 9.
8
What is 21 - (-9 + (-32 - -46))?
16
Calculate -2 + (-4 - 10) - (-5 + (-7 - -9)).
-13
Calculate 11 + (-21 + 13 - 13).
-10
(0 - -3 - -12) + (-11 - (-30 + 27))
7
27 - 24 - ((2 - 0) + 3)
-2
What is the value of 5 - -36 - (-31 - -53)?
19
Evaluate 15 + 13 + 3 + -30.
1
What is 2 - -13 - (3 + (-15 + 9 - -6))?
12
Calculate -8 - (0 + 0 + (-2 - 1) + -2).
-3
Evaluate -7 - -10 - (-3 - 6 - (6 + -16)).
2
What is 4 + ((9 - 16) + 7 - -6)?
10
What is the value of -29 + 37 - (14 - 22)?
16
Calculate -19 + -14 + 55 - 46.
-24
Calculate -34 + -4 + -1 + 622 + -616.
-33
Calculate 3 + (-1 - 16 - (-106 + 96)) + -11.
-15
What is -21 + 12 + (16 - 7)?
0
What is the value of -13 - (-2 + -5 + (3 - -1))?
-10
What is the value of -9 - (-20 - 32) - 32?
11
-4 + -42 + (34 - -14)
2
What is 8 + (-4 - (-43 - (-6 - 2)))?
39
Evaluate 9 + (-15 - 10) + 7.
-9
What is the value of 2 + -51 + 18 + (0 - 9) + 1?
-39
What is -35 + 1 - (58 - (110 - 43))?
-25
Evaluate -3 + -9 + 4 + (2 - (-2 - -4)).
-8
Evaluate 4 + -2 + -2 + -11 + 0 + 1.
-10
Evaluate (0 - 4) + (5 + -1 - (-37 - -36)).
1
What is the value of (10 - 2 - 4) + 0 + 9?
13
-4 + (7 - -23) + -11
15
What is the value of (-22 - 0 - -1) + (-435 - -449)?
-7
-13 - (28 + -3 - 57)
19
What is 1 + 10 + -7 + 11 + 10?
25
7 - 39 - -16 - -27
11
What is -1 + 19 + 1 + -9 + 3 + -3?
10
9 - (-10 + 2 - -7)
10
Evaluate 971 + -962 + -36 + 1.
-26
Calculate 7 + (-11 + 6 + -8 - 0).
-6
Evaluate -1 - (3 + 2 + 0) - 0 - -21.
15
-2 + -11 + (-4 + 8 - 2)
-11
10 - 1 - ((-17 - -16) + -7 - -11)
6
Evaluate 4 + 1 - (399 - 407).
13
What is the value of -12 + (9 + -13 - -17)?
1
Calculate -1 + 1 + (-6 - (-1 - -5 - -1)).
-11
What is the value of -6 + (-8 - (-7 + -8)) + 5 + 23?
29
Evaluate (5 - 5) + 10 + -9.
1
22 + 3 + -8 + -13 + (35 - 13)
26
(6 - 24 - 0) + 8 + -4
-14
What is the value of -21 + 11 - (5 + -12 - 21)?
18
What is 3 + -3 + 15 + 9 - (-1 + 4)?
21
Evaluate 20 - (-31 - -18 - -38).
-5
What is -13 + (2 - 12) + (12 - 4)?
-15
14 - ((0 - -22) + (386 - 380))
-14
Evaluate -4 - (9 - (-2 - -4) - 13).
2
Calculate (4 - 17) + 11 - (-10 - -2).
6
Evaluate -4 + (-10 - (18 + -11)) + 12.
-9
-35 - ((9 - 48) + 28)
-24
What is the value of 1 - 3 - (662 - 641)?
-23
What is the value of -2 - (1 + -1 + 5 + 31 + -26)?
-12
Calculate 3 + -6 - (-2 + (6 - -10) + -3).
-14
Calculate (118 - 119) + -1 + 13 + 2.
13
What is 0 + -2 + 5 + -2 + (43 - 47)?
-3
What is the value of -13 + 9 - (7 + -10)?
-1
Calculate -2 + 37 + (-12 - -3 - -3 - 2).
27
(2 - (-9 - -19)) + -1 + 31 + -8
14
Evaluate 4 + -15 + 3 + 2.
-6
What is 27 - 31 - (-1 + -1 - (6 + -5))?
-1
Evaluate (-27 - -14) + 30 + -7.
10
Calculate 3 - (1 - 18 - (-13 + 1)).
8
-8 + -8 + 23 + 0 + -6
1
Evaluate -2 + -9 - (-1 + 1).
-11
What is 27 + -38 + 18 - -12?
19
What is the value of (1 - (0 + (8 - (5 - -1)))) + -11?
-12
Calculate (-12 - -12) + (20 - 1) + 1.
20
Calculate (-14 - -2) + -5 + (-12 - -10) + 6.
-13
What is 1 - (2 - (7 + (-6 - (2 - 6))))?
4
Calculate (-22 - -7) + 39 + -24.
0
Evaluate -187 + 142 - (-36 - 0).
-9
8 + -18 + 19 - -2
11
Calculate -17 + (0 + 4 - (-299 - -295)).
-9
What is (-36 - (-12 + 15)) + (7 - (6 + -3))?
-35
Evaluate 15 + -67 + 36 - -2.
-14
Evaluate (-3 - (-8 - -21)) + 14.
-2
What is -10 - ((-7 - (-1 - 8)) + (-4 - 0))?
-8
(-13 - -11) + (1 - (-5 + 6 - 14))
12
What is -2 - -5 - (3 + 12)?
-12
What is -23 + -4 + 17 + 7 + -13?
-16
Evaluate 18 + -8 + -17 - -8.
1
-33 + 27 - (-4 + 4 + 20)
-26
517 + -505 + -30 + 0
-18
(-24 - (-1 + -7)) + 27
11
What is the value of 92 + -97 + (0 - -13)?
8
Evaluate -3 + (-13 - (-12 + -13 + 8 - -5)).
-4
Calculate 13 - 0 - (0 - 3 - -8).
8
What is the value of -2 - (-14 + 1 + 11)?
0
-10 - 1 - (13 + 3 - 34)
7
What is the value of 1 - 8 - -5 - 1?
-3
What is the value of 1 + -3 + 4 + -4 + 13?
11
22 + -63 + 54 + -38
-25
Calculate -8 - (13 - 13 - 12).
4
0 - 13 - (1 + -28 + 18)
-4
What is (-2 - 0) + 1 + 5 - (-72 + 86)?
-10
Evaluate 7 - (-5 + 6 + 3 + -15).
18
What is the value of (10 - (9 - 6) - 8) + 6?
5
What is 1 - (-5 + (1 - (10 - (10 - 4))))?
9
-57 + (-16 - -35) + 25
-13
-3 + 5 + (-7 + -5 - -16)
6
Evaluate -16 + (13 - 4) - -10.
3
Evaluate 2 + -9 + (-12 - -6).
-13
Evaluate -31 + 23 - -11 - (-2 + 3 - 9).
11
Calculate -13 + (-3 - -15) + 12.
11
What is the value of (-4 - (9 + (-8 - -2))) + (-5 - 0)?
-12
What is 31 - (12 - 6) - 42?
-17
What is 1 + (-2 - -8) + (3 - (-5 + 8))?
7
Calculate -1 - 0 - 14 - (37 - 39) - -1.
-12
What is the value of -77 + 68 - (13 + (0 + 1 - 5))?
-18
What is -10 + -13 + (8 + 2 - -6)?
-7
Evaluate (4 - 15) + 7 - -6.
2
What is -4 - ((-25 - (1 - 1)) + 9)?
12
What is the value of (0 - (8 + 4 + 1)) + 4 - -15?
6
Evaluate -1 - (12 + -3) - 3.
-13
What is 27 + (16 - 29) + -12 + -1?
1
Calculate -2 + 3 + 1 + 8 + -22.
-12
What is -26 + (13 - 3) + 38?
22
10 + -6 + (24 - 18 - 21)
-11
Evaluate (-2 + -3 - 7) + -1 + (-11 - 16).
-40
What is -24 - (-6 + 2) - -8?
-12
Evaluate 12 + -15 + -7 - 1.
-11
What is the value of (-6 + -10 - -9 - -5) + -7?
-9
Evaluate -206 + 190 + 29 + -2.
11
Evaluate 8 + -7 - (-17 - (-10 - 24)).
-16
What is (3 - (-2 + 5)) + -8 - (0 + 9)?
-17
Calculate -4 + 11 + -10 - 3 - 14.
-20
(-20 - -74) + -30 + -1
23
Evaluate (-27 - -16) + 19 + -1.
7
What is -2 + 1 + (191 - 167)?
23
1 + (-1 - 1) - (-25 + 26 + -3)
1
29 + (11 - 18) + -2
20
Evaluate (58 + -68 - (-5 + 0)) + -1.
-6
What is 3 - (-16 + 17 - (5 - 2))?
5
8 - (-10 - -12) - 28 - -6
-16
What is 1 - (-1 + 0) - (-24 + 20) - -2?
8
-9 + (18 - (2 + 9)) + -2 + 8
4
What is -20 + -38 - (-80 + 39)?
-17
Calculate (4 - 5 - -1) + 11 - (137 + -165).
39
Evaluate -10 - (1 - (10 + 15)).
14
1 + (-18 - 1) + 220 + -224
-22
What is the value of 6 - (0 + (-5 - 2) + 19 + 13)?
-19
Calculate (-3 - (-11 + -6 + 7 + 4)) + -10.
-7
7 + 9 + 0 + -16 + 11 + -1
10
What is -22 - (-18 - -4) - -9?
1
Evaluate 3 + (2 - (0 + 3 + 15 + -22)).
9
Calculate 2 + (3 - (5 - (2 - 2))) + -5.
-5
Evaluate 7 + 6 + (-3 - -1) - (-111 + 109).
13
What is the value of 42 + 4 + 3 + -10 - (-14 - -15)?
38
(5 - -7 - 9) + (2 - 0)
5
Calculate -20 + (2 - (-50 + 24)).
8
2 - ((17 + -6 - 5) + -5)
1
Calculate -1 - 29 - (-52 + -42 + 95).
-31
Calculate 15 + -5 - (76 - 55).
-11
What is the value of 14 + (-1 - (4 - 9) - 5)?
13
What is the value of 18 + (-6 + 0 - (9 - (23 + -8)))?
18
What is (1 - 0) + 7 + (-125 - -83 - -45)?
11
(14 + -11 + 4 - 10) + 8
5
What is the value of -1161 - -1193 - (1 + 0 + 4)?
27
Calculate -5 + -7 + (-4 - -15) - (19 + -24).
4
What is the value of -7 - (-4 + 10 + -9) - -8?
4
What is 55 + -58 + (22 - (-2 + 1))?
20
What is the value of 0 + 3 + -9 + 5 - 2?
-3
What is -16 + (14 - 28) + 24?
-6
What is the value of -5 - (-10 - 6) - 17?
-6
Evaluate -8 - (-5 - (0 + -4 + -7 + 8)).
-6
Evaluate 2 + (-22 - -29) + (-10 - 0).
-1
Evaluate 105 - 96 - (0 + 5 + -2).
6
-117 - -125 - (4 - 4)
8
What is 30 - 3 - 16 - -14?
25
Evaluate 17 - (-19 + -16 + 23 - -60).
-31
What is the value of 2 + 41 + -8 + -20 + 2 + 18?
35
Calculate 17 + (-93 - -25 - -23).
-28
Evaluate -10 + -71 - -65 - (-1 + -36).
21
Evaluate 3 + (-1 - -3) + -7 + -8 + -2.
-12
What is the value of 12 + 54 + -50 + (1 - 8)?
9
Calculate -8 + (-9 - (-11 + -3 + 4)) + 15.
8
7 - 2 - (-5 + -1 + 4)
7
Calculate (-4 - 3 - -4) + -7 + 1.
-9
Calculate 13 - (9 + -6) - (11 + (2 - 8)).
5
What is the value of 11 + -2 - (-10 - -3 - (2 + -6))?
12
(5 - ((9 - 7) + 7)) + 8
4
Evaluate -1 - 3 - (-36 + 55 - 14).
-9
What is the val